((j - 0) + 3)*-1. Let f = 86 - l. What is the units digit of f?
2
Let l = 33 - 43. Let n(p) = -17*p - 16. What is the units digit of n(l)?
4
Let c = 359 + 13. What is the units digit of c?
2
Suppose -6 = 3*j, -4*n + 8 = -4*j - 8. Suppose 215 = 5*s + n*z + 3*z, s - 3*z = 43. Suppose 5*x - s = g, -6*x + 47 = -x + g. What is the units digit of x?
9
Let k(l) = -l**2 + 4*l - 2. Let w be k(9). Let y = 89 + w. What is the units digit of y?
2
Suppose 3*i + 90 = -0*i. Let k be (-33)/(-44) - 27/4. What is the tens digit of ((-21)/k)/((-5)/i)?
2
Suppose -629*o + 628*o + 2769 = 0. What is the units digit of o?
9
Let u be 33*-1*(-2)/6. Let m = u + -9. What is the units digit of ((-3 - -6) + -1)*m?
4
Let u = 51 + -31. Suppose -m + 46 = 5*g, -4*g + 4*m - u = -76. What is the units digit of 1 + -4 + g/2?
2
Suppose r = -2*b + 56 - 20, -5*r = -10. Let h = 11 - b. Let j(q) = q**2 - q. What is the units digit of j(h)?
2
Let o be ((-14)/(-21))/((-2)/(-24)). Suppose -2*d - 5*b + 17 = 0, 0 = -2*d - 3*b + b + 14. What is the units digit of 3/d - (-260)/o?
3
Let f(l) = -6*l + 33. Let i be f(6). Let z(j) = -3*j**3 + 4*j**2 + 3*j + 6. What is the units digit of z(i)?
4
Let z = -101 + 61. Let m = z + 28. What is the units digit of m/(-8) + 9/6?
3
Let c(p) = 88*p**2 + 6*p - 8. Let g be c(3). What is the tens digit of 3/4 + g/8?
0
Suppose 3*u = 5*k + 464, 2*u - u + 5*k = 168. What is the tens digit of u?
5
What is the units digit of (-4 - -42)/(1/20)?
0
Let d(t) = -t**3 + 16*t**2 + 5*t + 36. What is the tens digit of d(14)?
9
Suppose 0*u = -4*z - u - 37, 5*u = 4*z + 7. What is the tens digit of z/(-2) + (2 - -35)?
4
Let k(y) be the third derivative of 1/12*y**5 - 1/2*y**3 + 0*y + 0 + 5*y**2 + 1/8*y**4. What is the tens digit of k(2)?
2
Let n(y) = -471*y + 285. What is the units digit of n(-5)?
0
Let w(l) = -3*l**2 + 3 - l - l**3 + 2*l**2 + 0. Let z be w(-3). What is the units digit of z - 2 - 2/(-2)?
3
What is the units digit of -2 + -4 - -2 - (-9 - 3088)?
3
Suppose 0 = -0*l + 6*l + l. Suppose l = 4*y - 1506 + 198. What is the tens digit of y?
2
Let r = 1265 + 49. What is the units digit of r?
4
Suppose 0 = -5*w - 13 + 33. Suppose u = -w*u - 30. What is the units digit of -2*1/(u/51)?
7
What is the units digit of 12*(3 + (12/(-9) - -1))?
2
Let c be (20/(-3) + -7 + 4)*-3. What is the units digit of (2/12 - 225/54) + c?
5
Let c be 2/12 - 3/18. Let l(u) be the second derivative of -u**4/12 + u**3/6 + 7*u**2 + 8*u. What is the tens digit of l(c)?
1
Let b = -7 + 11. Suppose -2*v + 3*s = -25, b*s + 0*s - 18 = -v. What is the tens digit of v?
1
Let n(p) = -p**3 + 3*p**2 + p - 1. Let q be n(2). Let c be (-40)/15*42/(-4). Suppose -2*h + 33 + c = -y, -5*y = q. What is the tens digit of h?
3
What is the hundreds digit of 6 + -9 - (-5490)/2?
7
Let p be (-399)/(-35) + (-2)/5. Let i = 28 - p. Suppose -z + 0 = 3*u - i, -2*z + 39 = u. What is the tens digit of z?
2
Let t = -131 - -133. Suppose 0*f - g = 5*f - 385, 3*g + 171 = t*f. What is the tens digit of f?
7
Suppose 0 = -27*g + 26*g + 7. Suppose -3 = -5*w + g. Suppose 4*c + w*s + 53 = 271, 0 = -c + 3*s + 37. What is the tens digit of c?
5
Suppose -91 - 49 = -2*v. Let c be 7/56*0 + (9 - 0). Suppose c*k = 11*k - v. What is the units digit of k?
5
Let x = -5314 - -7658. What is the hundreds digit of x?
3
What is the units digit of -1390*5*10/(-125)?
6
Suppose 0 = -6*w + 2*w - 84. Let v = 265 + 6. What is the units digit of (-6)/w + v/7?
9
Let s = -5 - -16. Let v = 164 - s. What is the units digit of v?
3
Let l(a) = -a**3 + 21*a**2 - 16*a - 12. What is the units digit of l(12)?
2
Suppose -4*s = -18 + 6. Let x be 89 - (s + -5) - -1. Suppose 4*a = x + 20. What is the tens digit of a?
2
Let r(w) = -3*w + 4*w - 9*w**3 - 2 - 6*w**3 + 13*w**3. Let c = -3 - -1. What is the tens digit of r(c)?
1
Let s = 62 + 2. Let g be s + (-4 + 4)*1. Suppose -2*x - 5*p - g = -3*x, 3*x + 2*p - 107 = 0. What is the units digit of x?
9
Let i = -752 - -1701. What is the hundreds digit of i?
9
Let n = -14 - -14. Suppose -b + 3*b - 26 = n. What is the units digit of b?
3
Let a(n) = 145*n + 19. What is the units digit of a(3)?
4
Let t(w) = -76*w - 175. What is the units digit of t(-6)?
1
Let z be -1 + (-4 - -2) - -20. Let s = 56 + z. Suppose 60 = 2*p + 3*i - s, 0 = 5*p + i - 300. What is the units digit of p?
9
Let z(c) = 118*c - 35. What is the tens digit of z(18)?
8
Let k(m) = m + 6. Let f be k(-4). Suppose -5*d + 401 - 125 = i, 5*i - f*d = 1299. What is the tens digit of i?
6
Suppose 5*q + b + 1117 - 3524 = 0, -q + 5*b + 497 = 0. What is the units digit of q?
2
Suppose 0 = -o + 4*o - 15. Suppose o*m - 246 = -b, 457 = 3*b - 3*m - 317. Suppose b = 7*k - 3*k. What is the tens digit of k?
6
Let n(z) = -z**2 + z**2 + 23 + z + 0*z + z**3. Let q be n(0). Suppose -q = -3*k + 13. What is the units digit of k?
2
Let p = -324 + 1603. What is the thousands digit of p?
1
Let m be 31/2 + 12/24. Suppose 24 + m = 2*o. What is the units digit of o?
0
Let i(f) = -f**2 + 11*f - 4. Let g be i(10). What is the units digit of 84/35*20/g?
8
Let r = -73 - -137. Let j = 154 - r. What is the units digit of j?
0
Let v = 18208 - 12678. What is the tens digit of v?
3
Let t = -37 + 40. Let y(p) = 4*p**2 - 3*p - 1. Let g be y(t). Suppose 0 = 3*s - g - 142. What is the tens digit of s?
5
Suppose b - 4*b = -30. Suppose 5*g + b = 5*i, 0*i + 18 = g + 3*i. What is the units digit of (4 - g)*4/4?
1
Let n be 0 + (-15)/(-5) + 36. Suppose 0 = -d + 2*b + n + 29, 0 = 2*d - 2*b - 132. What is the tens digit of d?
6
Let r(d) = d**2 - 13*d + 15. Let w be r(13). What is the tens digit of ((-12)/w)/(4/(-250))?
5
Let x be (-76)/12 - (-2)/6. Let c be 2/x*36/(-3). What is the units digit of ((-9)/c)/(30/(-560))?
2
Let d = -554 - -1212. What is the tens digit of d?
5
Suppose -4*y = -0*w - 3*w - 1420, 0 = y - w - 355. What is the tens digit of y?
5
Let j = -49 + 53. Let l = 5 - 3. Suppose u - l*u + 98 = j*c, -4*u = 2*c - 42. What is the units digit of c?
5
Let v(l) = 5*l - 20. Let h = -6 - 0. Let o(u) = -6*u + 20. Let w(j) = h*o(j) - 7*v(j). What is the units digit of w(0)?
0
Let d(p) = 2*p + 12. Let g be d(-4). What is the units digit of 3 - 0/g - -47?
0
Let l be (-1 + 2)*-1 - 3. Let s(n) = 0 + 5 - 3*n + 14*n**2 - 15*n**2. What is the units digit of s(l)?
1
Suppose -3*a = z - 44, -70 = -5*a - 4*z + 3*z. What is the tens digit of a?
1
Suppose i = 2*c - 17, 2*c - 5*i - 36 = -c. What is the units digit of c + 135/(-20) + 275/4?
9
Suppose 21 = f - 4*q, 4*f + 1 = -0*f - q. What is the units digit of f/(-3) - (-157)/3?
2
Let d(k) = 25 - 67 + 44 + 11*k + 28 + k**2. What is the units digit of d(-14)?
2
Suppose -5*p = 4*m - 15, 2*m - 15 = -5*p + m. Suppose p*t = 83 + 25. What is the tens digit of t?
3
Let n = 2000 + -1298. What is the hundreds digit of n?
7
Let a = -16 + 0. Let o = a + 24. Let v = o - -17. What is the tens digit of v?
2
Let n(y) = y**2 - 10*y + 6. Let p be n(11). Suppose -81 = -d - p. What is the tens digit of d?
6
Suppose 3*r - 4 = 5*r. Let u be (-5)/15*(-184 + r). Suppose u = -5*c + 162. What is the tens digit of c?
2
Suppose 88046 = 22*k + 31330. What is the hundreds digit of k?
5
Suppose -2*h = -3*h. Suppose a = -h - 3. What is the units digit of 2 - (6/2 + a)?
2
Let f(b) = -b**2 + 11*b + 2. Let c be (-50)/(-5) - -1*1. Let o be (-7 - -5) + c/1. What is the tens digit of f(o)?
2
Suppose -10 = 7*v - 2*v. Let t = -36 - -35. What is the units digit of (0 - t)*(0 - v)?
2
Let s(c) = c**3 - 3*c**2 - c + 2. Let q be s(3). Let k be (q - -36)*(1 - 0). Suppose 5*d - k = 60. What is the units digit of d?
9
Let v(b) = 8*b**2 - 49*b - 28. What is the tens digit of v(-13)?
6
Let p = 52 + -49. What is the tens digit of (9/2)/p - (-1025)/10?
0
Let x be 8*3/(10 - -2). Suppose -v = 4*y - 53 - 44, 5*v + x*y = 431. Suppose v = 4*n + n. What is the tens digit of n?
1
Let l be -3054 + (-1 - -2)*3. What is the hundreds digit of 2 - l/12 - 15/(-20)?
2
What is the units digit of -36 - -44 - (-945 + -2)?
5
Suppose -2*z + 0*z = 8. Let h be (-1)/z + 15/4. Suppose 0 = 4*t - y - 216, h*t - y - 110 = 2*t. What is the tens digit of t?
5
Suppose -2*y = -4*l - 530, -8*l + 1351 = 5*y - 5*l. What is the tens digit of y?
6
Let x(n) = 6*n**2 + 2*n + 4. What is the units digit of x(-14)?
2
Let g be (4/3)/(86/(-33153)). Let n = -341 - g. W